{"id":999,"date":"2020-02-25T14:16:26","date_gmt":"2020-02-25T13:16:26","guid":{"rendered":"https:\/\/linke-bw.de\/ostfildern\/?page_id=999"},"modified":"2024-04-14T21:00:59","modified_gmt":"2024-04-14T19:00:59","slug":"gemeinderat","status":"publish","type":"page","link":"https:\/\/linke-bw.de\/ostfildern\/gemeinderat\/","title":{"rendered":"Gemeinderat"},"content":{"rendered":"\r\n<p class=\"has-very-dark-gray-color has-text-color\">Im Gemeinderat Ostfildern sind wir aktuell mit unserer Stadtr\u00e4tin Dr. Jutta Zwaschka vertreten. Obwohl DIE LINKE damit nicht \u00fcber einen Fraktionsstatus verf\u00fcgt, konnte Jutta Zwaschka in der Vergangenheit schon wichtige inhaltliche Impulse hin zu einer sozialeren und \u00f6kologischeren Stadt Ostfildern setzen. <strong>Unser Ziel f\u00fcr die anstehende Kommunalwahl ist es mit mindestens zwei linken Gemeinder\u00e4ten vertreten zu sein, um unsere Themen noch st\u00e4rker voranzubringen!<\/strong><\/p>\r\n\r\n\r\n\r\n\r\n\r\n\r\n<hr class=\"wp-block-separator\">\r\n\r\n\r\n<h3><strong>Unsere Stadtr\u00e4tin Dr. Jutta Zwaschka<\/strong><\/h3>\r\n<p><img loading=\"lazy\" class=\"alignnone  wp-image-6453\" src=\"https:\/\/linke-bw.de\/ostfildern\/files\/2024\/04\/24-02_die-linke_Jutta_02-214x300.jpg\" alt=\"\" width=\"306\" height=\"429\" srcset=\"https:\/\/linke-bw.de\/ostfildern\/files\/2024\/04\/24-02_die-linke_Jutta_02-214x300.jpg 214w, https:\/\/linke-bw.de\/ostfildern\/files\/2024\/04\/24-02_die-linke_Jutta_02-731x1024.jpg 731w, https:\/\/linke-bw.de\/ostfildern\/files\/2024\/04\/24-02_die-linke_Jutta_02-768x1075.jpg 768w, https:\/\/linke-bw.de\/ostfildern\/files\/2024\/04\/24-02_die-linke_Jutta_02-1097x1536.jpg 1097w, https:\/\/linke-bw.de\/ostfildern\/files\/2024\/04\/24-02_die-linke_Jutta_02-1463x2048.jpg 1463w, https:\/\/linke-bw.de\/ostfildern\/files\/2024\/04\/24-02_die-linke_Jutta_02-scaled.jpg 1829w\" sizes=\"(max-width: 306px) 100vw, 306px\" \/><\/p>\r\n<ul>\r\n<li style=\"text-align: left\">Jahrgang 1968<\/li>\r\n<li style=\"text-align: left\">geb\u00fcrtige Stuttgarterin<\/li>\r\n<li style=\"text-align: left\">verheiratet<\/li>\r\n<li style=\"text-align: left\">seit 1993 in Ostfildern-Scharnhausen wohnend<\/li>\r\n<li style=\"text-align: left\">Humanmedizinerin<\/li>\r\n<\/ul>\r\n\r\n\r\n\r\n<div class=\"wp-block-media-text alignwide is-image-fill\">\r\n<div class=\"wp-block-media-text__content\">\r\n\r\n\r\n\r\n<\/div>\r\n<\/div>\r\n<!-- \/wp:media-text -->\r\n\r\n<!-- wp:paragraph -->\r\n<p><strong>Seit 2014 im Gemeinderat Ostfildern, kommunalpolitische Erfahrung<\/strong>: <br>im Verwaltungsausschuss, Forum Gesellschaft Inklusiv, Gymnasialer Schulverband Ostfildern, Kinder- und Jugendf\u00f6rderung Ostfildern.<\/p>\r\n<!-- \/wp:paragraph -->\r\n\r\n<!-- wp:paragraph -->\r\n<p><strong>Schwerpunkte<\/strong>: <br>Praktischer Naturschutz vor Ort, Erhalt der biologischen Vielfalt und Biotopvernetzung, ungehinderte Teilnahme aller B\u00fcrger*innen am \u00f6ffentlichen Leben in Ostfildern, Bereitstellung und Erhalt von bezahlbarem Wohnraum.<\/p>\r\n<!-- \/wp:paragraph -->\r\n\r\n<!-- wp:paragraph -->\r\n<p><strong>Vereinsmitglied bei<\/strong>: <br>NABU Ostfildern-Nellingen (Beisitzerin), Hippotherapiezentrum Scharnhausen und DRK Ostfildern.<\/p>\r\n<!-- \/wp:paragraph -->\r\n\r\n<!-- wp:separator --><hr class=\"wp-block-separator\"><!-- \/wp:separator -->\r\n\r\n<!-- wp:heading {\"level\":3} -->\r\n<h3>Beispiele meiner Arbeit im Gemeinderat:<\/h3>\r\n<!-- \/wp:heading -->\r\n\r\n<!-- wp:paragraph -->\r\n<p><a href=\"https:\/\/linke-bw.de\/ostfildern\/2021\/01\/08\/haushaltsrede-gemeinderat-ostfildern-und-stellungnahme-die-linke-stadtraetin-dr-jutta-zwaschka\/#more-1535\" target=\"_blank\" rel=\"noreferrer noopener\" data-type=\"URL\" data-id=\"https:\/\/linke-bw.de\/ostfildern\/2021\/01\/08\/haushaltsrede-gemeinderat-ostfildern-und-stellungnahme-die-linke-stadtraetin-dr-jutta-zwaschka\/#more-1535\">Stellungnahmen (09.12.2020) und Haushaltsrede (11.11.2020)<\/a><\/p>\r\n<p><a href=\"https:\/\/linke-bw.de\/ostfildern\/files\/2021\/02\/Gemeinderat-09122020.pdf\">Stellungnahmen Gemeinderat 09.12.2020<\/a> als *.pdf<\/p>\r\n<!-- \/wp:paragraph -->\r\n\r\n<!-- wp:file {\"id\":1378,\"href\":\"https:\/\/linke-bw.de\/ostfildern\/files\/2020\/07\/Stellungnahmen-Gemeinderatssitzung-24.06.2020.pdf\",\"showDownloadButton\":false} -->\r\n<div class=\"wp-block-file\"><a href=\"https:\/\/linke-bw.de\/ostfildern\/files\/2020\/07\/Stellungnahmen-Gemeinderatssitzung-24.06.2020.pdf\" target=\"_blank\" rel=\"noreferrer noopener\">Stellungnahmen Gemeinderatssitzung 24.06.2020<\/a><\/div>\r\n<!-- \/wp:file -->\r\n\r\n<!-- wp:file {\"id\":1229,\"href\":\"https:\/\/linke-bw.de\/ostfildern\/files\/2020\/05\/Stellungnahmen-Gemeinderatssitzung-12.05.2020.pdf\",\"showDownloadButton\":false} -->\r\n<div class=\"wp-block-file\"><a href=\"https:\/\/linke-bw.de\/ostfildern\/files\/2020\/05\/Stellungnahmen-Gemeinderatssitzung-12.05.2020.pdf\" target=\"_blank\" rel=\"noreferrer noopener\">Stellungnahmen Gemeinderatssitzung 12.05.2020<\/a><\/div>\r\n<!-- \/wp:file -->\r\n\r\n<!-- wp:file {\"id\":1033,\"href\":\"https:\/\/linke-bw.de\/ostfildern\/files\/2020\/03\/Stellungnahmen-zu-Vorlagen-Gemeinderatssitzung-am-04.03.2020.pdf\",\"showDownloadButton\":false} -->\r\n<div class=\"wp-block-file\"><a href=\"https:\/\/linke-bw.de\/ostfildern\/files\/2020\/03\/Stellungnahmen-zu-Vorlagen-Gemeinderatssitzung-am-04.03.2020.pdf\" target=\"_blank\" rel=\"noreferrer noopener\">Stellungnahmen zu Vorlagen, Gemeinderatssitzung am 04.03.2020<\/a><\/div>\r\n<!-- \/wp:file -->\r\n\r\n<!-- wp:file {\"id\":1018,\"href\":\"https:\/\/linke-bw.de\/ostfildern\/files\/2020\/02\/DIE-LINKE-Haushaltsrede-Ostfildern-am-13.-11.2019.pdf\",\"showDownloadButton\":false} -->\r\n<div class=\"wp-block-file\"><a href=\"https:\/\/linke-bw.de\/ostfildern\/files\/2020\/02\/DIE-LINKE-Haushaltsrede-Ostfildern-am-13.-11.2019.pdf\" target=\"_blank\" rel=\"noreferrer noopener\">DIE LINKE Haushaltsrede Ostfildern am 13. 11.2019<\/a><\/div>\r\n<!-- \/wp:file -->\r\n\r\n<!-- wp:file {\"id\":1020,\"href\":\"https:\/\/linke-bw.de\/ostfildern\/files\/2020\/02\/Stellungnahme-zu-zwei-Tagesordnungspunkten-der-Gemeinderatssitzung-am-13.11.2019.pdf\",\"showDownloadButton\":false} -->\r\n<div class=\"wp-block-file\"><a href=\"https:\/\/linke-bw.de\/ostfildern\/files\/2020\/02\/Stellungnahme-zu-zwei-Tagesordnungspunkten-der-Gemeinderatssitzung-am-13.11.2019.pdf\" target=\"_blank\" rel=\"noreferrer noopener\">Stellungnahme zu zwei Tagesordnungspunkten der Gemeinderatssitzung am 13.11.2019<\/a><\/div>\r\n<!-- \/wp:file -->","protected":false},"excerpt":{"rendered":"<p>Im Gemeinderat Ostfildern sind wir aktuell mit unserer Stadtr\u00e4tin Dr. Jutta Zwaschka vertreten. Obwohl DIE LINKE damit nicht \u00fcber einen Fraktionsstatus verf\u00fcgt, konnte Jutta Zwaschka in der Vergangenheit schon wichtige inhaltliche Impulse hin zu einer sozialeren und \u00f6kologischeren Stadt Ostfildern setzen. Unser Ziel f\u00fcr die anstehende Kommunalwahl ist es mit mindestens zwei linken Gemeinder\u00e4ten vertreten &hellip; <\/p>\n<p class=\"link-more\"><a href=\"https:\/\/linke-bw.de\/ostfildern\/gemeinderat\/\" class=\"more-link\"><span class=\"screen-reader-text\">\u201eGemeinderat\u201c<\/span> weiterlesen<\/a><\/p>\n","protected":false},"author":212,"featured_media":0,"parent":0,"menu_order":0,"comment_status":"closed","ping_status":"closed","template":"","meta":{"ngg_post_thumbnail":0},"_links":{"self":[{"href":"https:\/\/linke-bw.de\/ostfildern\/wp-json\/wp\/v2\/pages\/999"}],"collection":[{"href":"https:\/\/linke-bw.de\/ostfildern\/wp-json\/wp\/v2\/pages"}],"about":[{"href":"https:\/\/linke-bw.de\/ostfildern\/wp-json\/wp\/v2\/types\/page"}],"author":[{"embeddable":true,"href":"https:\/\/linke-bw.de\/ostfildern\/wp-json\/wp\/v2\/users\/212"}],"replies":[{"embeddable":true,"href":"https:\/\/linke-bw.de\/ostfildern\/wp-json\/wp\/v2\/comments?post=999"}],"version-history":[{"count":34,"href":"https:\/\/linke-bw.de\/ostfildern\/wp-json\/wp\/v2\/pages\/999\/revisions"}],"predecessor-version":[{"id":6490,"href":"https:\/\/linke-bw.de\/ostfildern\/wp-json\/wp\/v2\/pages\/999\/revisions\/6490"}],"wp:attachment":[{"href":"https:\/\/linke-bw.de\/ostfildern\/wp-json\/wp\/v2\/media?parent=999"}],"curies":[{"name":"wp","href":"https:\/\/api.w.org\/{rel}","templated":true}]}}